?
2
What is the hundred thousands digit of 590640153?
6
What is the tens digit of 179389133?
3
What is the millions digit of 443692296?
3
What is the units digit of 452475085?
5
What is the thousands digit of 32439901?
9
What is the units digit of 71512728?
8
What is the hundred thousands digit of 324805400?
8
What is the ten millions digit of 840368845?
4
What is the millions digit of 49449465?
9
What is the hundred millions digit of 926439243?
9
What is the units digit of 47153762?
2
What is the ten millions digit of 203924673?
0
What is the hundred thousands digit of 2358419605?
4
What is the hundreds digit of 4680915?
9
What is the ten millions digit of 919902529?
1
What is the hundred millions digit of 199266281?
1
What is the tens digit of 57121895?
9
What is the millions digit of 259537719?
9
What is the millions digit of 51607301?
1
What is the hundred millions digit of 396116598?
3
What is the thousands digit of 451878209?
8
What is the hundred thousands digit of 358601090?
6
What is the ten millions digit of 199197038?
9
What is the millions digit of 166953276?
6
What is the units digit of 57087220?
0
What is the hundreds digit of 135909273?
2
What is the hundred thousands digit of 55694725?
6
What is the ten thousands digit of 223558757?
5
What is the units digit of 83148040?
0
What is the tens digit of 52830650?
5
What is the hundred thousands digit of 19695852?
6
What is the hundred thousands digit of 5971474862?
4
What is the hundred millions digit of 356837937?
3
What is the ten millions digit of 91223800?
9
What is the hundreds digit of 58295116?
1
What is the ten thousands digit of 25840466?
4
What is the hundred thousands digit of 9492224?
4
What is the units digit of 3579384095?
5
What is the millions digit of 2800199?
2
What is the ten millions digit of 87422811?
8
What is the ten thousands digit of 36833983?
3
What is the ten thousands digit of 32305404?
0
What is the hundred millions digit of 1344512201?
3
What is the hundred thousands digit of 59066778?
0
What is the ten thousands digit of 295385295?
8
What is the units digit of 557559394?
4
What is the hundred thousands digit of 97043007?
0
What is the units digit of 3299904484?
4
What is the millions digit of 2512511165?
2
What is the units digit of 78420455?
5
What is the millions digit of 53024382?
3
What is the millions digit of 251982382?
1
What is the hundred millions digit of 4246363725?
2
What is the millions digit of 49822357?
9
What is the ten thousands digit of 446294592?
9
What is the tens digit of 910867792?
9
What is the hundred millions digit of 2562439999?
5
What is the units digit of 63244123?
3
What is the ten thousands digit of 1262777973?
7
What is the hundred thousands digit of 4225924895?
9
What is the tens digit of 2660293687?
8
What is the ten thousands digit of 35608328?
0
What is the hundred millions digit of 1821114652?
8
What is the hundred millions digit of 723414403?
7
What is the units digit of 348117881?
1
What is the ten millions digit of 11023215?
1
What is the hundred millions digit of 136054342?
1
What is the thousands digit of 99813786?
3
What is the hundred thousands digit of 67139942?
1
What is the units digit of 83092965?
5
What is the units digit of 12510769?
9
What is the hundreds digit of 80124333?
3
What is the thousands digit of 614371959?
1
What is the thousands digit of 469978453?
8
What is the units digit of 11488816?
6
What is the millions digit of 415254374?
5
What is the units digit of 16537350?
0
What is the units digit of 413665993?
3
What is the tens digit of 51709428?
2
What is the tens digit of 166771840?
4
What is the tens digit of 9675016?
1
What is the millions digit of 57568368?
7
What is the ten thousands digit of 7344229?
4
What is the ten millions digit of 348564587?
4
What is the millions digit of 868112498?
8
What is the ten millions digit of 61323042?
6
What is the ten thousands digit of 61573794?
7
What is the ten millions digit of 436717803?
3
What is the ten millions digit of 360957322?
6
What is the hundred millions digit of 334666959?
3
What is the hundreds digit of 274081371?
3
What is the hundreds digit of 38888481?
4
What is the hundred thousands digit of 16940473?
9
What is the hundred thousands digit of 299928906?
9
What is the tens digit of 2013604497?
9
What is the hundred thousands digit of 77621875?
6
What is the thousands digit of 102778429?
8
What is the hundreds digit of 51290598?
5
What is the millions digit of 511603081?
1
What is the ten millions digit of 446367015?
4
What is the millions digit of 52392575?
2
What is the hundred thousands digit of 10652689?
6
What is the ten thousands digit of 152660845?
6
What is the ten thousands digit of 4459194?
5
What is the units digit of 60635708?
8
What is the units digit of 119855716?
6
What is the tens digit of 317755802?
0
What is the hundred thousands digit of 46001806?
0
What is the millions digit of 437218012?
7
What is the ten thousands digit of 38403762?
0
What is the ten millions digit of 174611353?
7
What is the millions digit of 30771437?
0
What is the thousands digit of 10253306?
3
What is the ten thousands digit of 70604293?
0
What is the tens digit of 84807069?
6
What is the units digit of 9149286004?
4
What is the hundred millions digit of 171223131?
1
What is the hundreds digit of 111975887?
8
What is the units digit of 1741577720?
0
What is the hundred thousands digit of 27244008?
2
What is the thousands digit of 28075581?
5
What is the hundred thousands digit of 7043856715?
8
What is the thousands digit of 230890754?
0
What is the ten millions digit of 244831494?
4
What is the tens digit of 545222294?
9
What is the hundreds digit of 10189948?
9
What is the tens digit of 8018954?
5
What is the hundred millions digit of 630757446?
6
What is the units digit of 169411865?
5
What is the hundred thousands digit of 1550619843?
6
What is the hundred thousands digit of 230058763?
0
What is the tens digit of 78766451?
5
What is the thousands digit of 137730194?
0
What is the tens digit of 62407031?
3
What is the thousands digit of 159628929?
8
What is the ten thousands digit of 229099814?
9
What is the thousands digit of 67387744?
7
What is the units digit of 949766820?
0
What is the hundred millions digit of 115804106?
1
What is the ten thousands digit of 191132948?
3
What is the hundreds digit of 49929849?
8
What is the ten millions digit of 311178763?
1
What is the ten millions digit of 6103471287?
0
What is the ten millions digit of 161141435?
6
What is the hundreds digit of 290101146?
1
What is the millions digit of 24740539?
4
What is the billions digit of 8146504102?
8
What is the hundreds digit of 563224285?
2
What is the units digit of 6868418856?
6
What is the hundred thousands digit of 2962741711?
7
What is the hundreds digit of 519082838?
8
What is the hundred millions digit of 332776889?
3
What is the millions digit of 1138917516?
8
What is the hundreds digit of 45491758?
7
What is the units digit of 4112971347?
7
What is the ten millions digit of 54177427?
5
What is the hundred millions digit of 5521730664?
5
What is the hundred millions digit of 875653082?
8
What is the billions digit of 1760508692?
1
What is the thousands digit of 388371311?
1
What is the thousands digit of 287202923?
2
What is the hundred thousands digit of 201893459?
8
What is the billions digit of 1429554852?
1
What is the hundred thousands digit of 850184136?
1
What is the hundred thousands digit of 2649268816?
2
What is the millions digit of 29860192?
9
What is the hundred thousands digit of 547391675?
3
What is the tens digit of 151117080?
8
What is the hundred thousands digit of 318901957?
9
What is the millions digit of 90683006?
0
What is the hundred thousands digit of 645138472?
1
What is the ten millions digit of 159075269?
5
What is the hundreds digit of 49981990?
9
What is the millions digit of 36334021?
6
What is the hundred millions digit of 324710592?
3
What is the hundreds digit of 85093471?
4
What is the hundred millions digit of 3957719741?
9
What is the hundreds digit of 184815054?
0
What is the tens digit of 95856114?
1
What is the ten thousands digit of 1018078543?
7
What is the hundreds digit of 369836956?
9
What is the units 